n divisor of n and l.
1
Suppose 2*b = -0*b + 10. Suppose -44 = -3*l - 5*v - 3, b*v = 4*l - 43. Calculate the greatest common factor of 18 and l.
6
Let d = -9 + 10. Let j be -2 + d + 0 + 51. Calculate the highest common divisor of j and 10.
10
Let z(g) = -14*g**2 + 8*g - 5. Let i(w) = -5*w**2 + 3*w - 2. Let m(r) = 11*i(r) - 4*z(r). Let b be m(-5). What is the highest common factor of b and 27?
9
Suppose 2*j + 5*f - 60 = -3*j, -4*f - 80 = -4*j. Suppose 5*p + 80 = 6*p. Calculate the highest common factor of j and p.
16
Suppose -4*u + 237 = 69. What is the greatest common factor of 6 and u?
6
Suppose 0 = -r - 18 - 16. Let w = 118 + r. What is the highest common factor of 56 and w?
28
Let i = -9 - -15. Suppose -5*o = i + 44. Let x = 110 - o. Calculate the greatest common divisor of x and 15.
15
Let x(b) = -2*b**2 - 1. Let n be x(-2). Let l be (2 + -1 + n)*-11. Calculate the greatest common factor of l and 11.
11
Let q = 5 + -2. Let x = 15 - q. Calculate the greatest common factor of 12 and x.
12
Let o(v) be the second derivative of -25*v**3/6 - v**2/2 - 3*v. Let a be o(-4). Calculate the highest common divisor of 9 and a.
9
Let v(a) = -2*a - 1. Let z be v(-3). Let o be (15 + 0)*4/z. Suppose 0 = -3*l - 2 + 8. What is the highest common divisor of o and l?
2
Let c = -10 + 40. Let w = -70 - -85. What is the greatest common divisor of w and c?
15
Let a be (18/21)/(4/14). Suppose -2*h = -3*h + a. Suppose -2*b = 5*m - 29, 3*b + 5*m = -b + 53. What is the highest common factor of h and b?
3
Let s be 430/8 + (-2)/(-8). Suppose 5*p = 3*p - s. Let w = p + 87. Calculate the highest common factor of w and 15.
15
Suppose 5*y = -17 + 32. Calculate the greatest common factor of y and 2.
1
Let z = 21 - 7. Suppose -5*h + 2*h = s - 10, z = -3*h + 5*s. What is the greatest common divisor of h and 4?
2
Suppose -139 - 4 = -13*s. Calculate the highest common divisor of s and 132.
11
Let p = 12 - 6. Let b(w) be the third derivative of -25*w**4/24 - w**3/3 + w**2. Let m be b(-2). What is the highest common divisor of m and p?
6
Let s be ((-9)/3)/(36/14 + -3). Calculate the highest common divisor of 35 and s.
7
Suppose 4*g - g = 6. Let k = 1 + g. Suppose 2*h - q - 2*q - 27 = 0, -2*q = -4*h + 50. What is the highest common factor of k and h?
3
Let m(q) = -2*q + 220. Let d be m(0). What is the greatest common divisor of d and 44?
44
Let t(a) = -6*a**3 + 4*a**2 + 8*a - 9. Let o(x) = -x**3 + x - 1. Let r(h) = 5*o(h) - t(h). Let i be r(5). Calculate the highest common divisor of i and 35.
7
Let f = -7 + 9. Suppose -123 = -5*s - 2*n + 127, f*s = -n + 100. What is the greatest common factor of 10 and s?
10
Let t be (-230)/26 + (-8)/52. Let q = 27 + t. What is the highest common divisor of 198 and q?
18
Let x be (-142)/1 + 0 + -2. Let k be x/(-3) - (-1 + 1). Let p = 1 + 5. Calculate the highest common factor of p and k.
6
Suppose -168 = 2*m - 5*m. Calculate the highest common factor of m and 14.
14
Let y = -13 - -23. What is the highest common factor of y and 5?
5
Suppose 2*a - 2 = 2. Suppose -3*u = a*u - 60. Suppose -r + 0*r + u = 0. What is the highest common factor of 12 and r?
12
Let d be 1/((-3)/(-3)) + 0. What is the greatest common factor of 3 and d?
1
Let g = 7 + -3. Suppose g*k + r = -r + 42, 4*k = -r + 41. Suppose c = -0*c + k. Calculate the greatest common factor of c and 4.
2
Suppose -4*l + 2*g + 23 = -5, 0 = 4*l + 5*g - 56. Let a = -4 - -6. Suppose f = -a*i + 44, -5*f - 6*i = -i - 245. Calculate the highest common factor of f and l.
9
Let g be (-882)/(-6) + 6/(-2). Suppose 7 = h - 11. Calculate the greatest common divisor of h and g.
18
Let t be (4/1 - -2) + -1. Suppose t*s - 12 = 78. Let x = s - -45. Calculate the greatest common divisor of x and 7.
7
Suppose 4*s - 11 + 45 = -5*l, -2*l - s = 16. Let t(a) = -3*a - 7. Let y be t(l). What is the greatest common factor of y and 23?
23
Let m = 0 - -28. Calculate the greatest common factor of m and 28.
28
Let y be 2/(-8)*0/(-3). Let g be 2/7 - (-47)/7. Suppose 0 = -y*l - l + g. Calculate the greatest common factor of 35 and l.
7
Let p = -50 - -57. Let g = -2 - -4. Suppose 2*q = -g*q + 252. Calculate the highest common divisor of q and p.
7
Suppose -g + 5*g + 2*l + 2 = 0, -4*g + 2*l = -10. Let w be -2*(-2)/(-4)*1. Let j be (-12 - 0 - g)*w. What is the greatest common factor of j and 52?
13
Let k be 301 + 8/((-12)/(-3)). Suppose 5*c + k = 943. Calculate the highest common factor of 16 and c.
16
Let p(q) = q**3 + 9*q**2 + 7*q + 10. Let d be p(-8). Let a be (6/9)/(1/d). What is the highest common factor of 108 and a?
12
Let y be (-72)/14 - (-2)/14. Let p = 12 - y. Calculate the highest common divisor of p and 34.
17
Let j(z) = -z**2 + 12*z - 19. Let k be j(8). Calculate the greatest common divisor of 117 and k.
13
Let m be (-1)/2 - 1/(-2). Suppose m = -c + 3*h + 24, 0 = -6*c + c - 4*h + 25. Calculate the greatest common factor of 9 and c.
9
Let a = 13 + -7. Let d be ((-90)/(-35))/(a/112). What is the highest common factor of 16 and d?
16
Let w be 12 - (0 - (0 + -3)). Let l = 26 - w. Let n = -10 + l. Calculate the highest common divisor of 21 and n.
7
Let m = -148 - -208. Calculate the highest common factor of 24 and m.
12
Let z = -1 + 6. Let q be (24/z)/((-8)/(-60)). What is the highest common divisor of 9 and q?
9
Let o be (0 + -1)*(-103 + 4). Calculate the highest common factor of 9 and o.
9
Suppose -15 = -4*o - o. Suppose 0 = o*c - 9, h = -0*c + c - 1. Let v be ((-2)/(-6))/(h/102). What is the highest common factor of v and 51?
17
Suppose 941 = 5*g + 136. Calculate the greatest common divisor of 7 and g.
7
Let k(h) = 3*h - 4. Let t be k(3). Let j = t - -4. What is the greatest common factor of 63 and j?
9
Suppose 31 = 5*z - 3*d, z + 0*d - 2 = 2*d. What is the greatest common divisor of z and 64?
8
Let j = -5 - -12. Let z(a) = -3*a**3 + a**2 - a - 1. Let p be z(-1). Suppose -p*o = o - 105. What is the highest common divisor of j and o?
7
Let t(r) = r**3 - r**2 + 2*r - 6. Let s be t(2). What is the highest common divisor of 8 and s?
2
Let l(j) = j - 2. Let s be l(2). Let f = -4 - s. Let x be f/6 + 46/6. Calculate the greatest common factor of 56 and x.
7
Let i = 9 + -9. Suppose w - 5 = i, -2*g = 5*w - 51 - 6. Let k = 84 + -60. Calculate the highest common factor of k and g.
8
Let k be 25 + -2 + 5 + -3. Calculate the highest common factor of k and 25.
25
Let b(f) = -f - 7. Let w(t) = -3*t + 10. Let y be w(8). Let l be b(y). Calculate the highest common factor of l and 35.
7
Suppose 4*p - 2*p - 54 = -3*s, s - 4*p - 4 = 0. Let n = s + -2. Calculate the greatest common factor of n and 70.
14
Let r be (54/24)/(6/32). What is the highest common divisor of 3 and r?
3
Let k be -12*1*3/(-6). Calculate the greatest common factor of 3 and k.
3
Let q(m) = -m**2 + 17*m + 2. Let n be q(16). What is the greatest common factor of 42 and n?
6
Let r be (16/(-20))/((-2)/10). Suppose 2*b = -3*g - 8, 4*b = -0*g + g + 12. Calculate the greatest common divisor of r and b.
2
Let z(a) = -48*a**3 + a. Let g be z(-1). Let y = g - 29. Calculate the greatest common factor of y and 27.
9
Let n(k) = -k + 3. Let y be n(-9). What is the greatest common divisor of y and 6?
6
Let b(p) = 2*p**3 + p**2 - 2*p + 1. Let n be b(1). Suppose 3*l = -n*l + 170. Calculate the greatest common divisor of 17 and l.
17
Suppose 4*m = -m + 35. Let v = 4 + -3. Let a = v + m. Calculate the highest common divisor of 8 and a.
8
Let w(b) = b + 9. Let d be w(-9). Let k be (d - -18) + (4 - 2). Calculate the highest common factor of k and 8.
4
Suppose 2*g - v - 2858 = -2*g, v = -g + 717. Suppose 7*h - 2*h = g. Calculate the greatest common divisor of h and 13.
13
Suppose -2*p = 2*t - 22, 3*t = 5*p - 2*t - 45. What is the greatest common divisor of p and 25?
5
Suppose 0 = 2*l - 5*l + 252. Let g be l/(-10)*25/(-10). Suppose 16 = 5*s - 4, 2*d - s - 80 = 0. Calculate the highest common divisor of d and g.
21
Let w(k) = 13*k**2 - k + 3. Let d be w(3). Let r = -2 + 67. Suppose 3*p - r = -2*p. What is the highest common factor of d and p?
13
Let z be 752/2*(18 - 17). Calculate the greatest common factor of 47 and z.
47
Let f be 68 + 1 + (-9 - -6). Suppose 3*i - f = i. Calculate the greatest common factor of 11 and i.
11
Let b(d) = d**2 - 3*d + 2. Let l be b(3). Suppose l*w = 7*w - 25. S